 u(3). Suppose 5*t = -j*t + 60. List the prime factors of t.
2, 3
Let t(p) = -p**3 + 11*p**2 + 6*p - 12. Let f be t(10). Suppose 0 = a + 3*a - f. List the prime factors of a.
37
Let g(h) = -h**3 + h**2 + h + 204. Let p be g(0). Suppose -2*i + 3*d + 138 + 62 = 0, -2*i + p = -4*d. What are the prime factors of i?
2, 47
Suppose -22*o + 50*o - 12880 = 0. List the prime factors of o.
2, 5, 23
Suppose 3*k - 2 = 2*x, 2*k - 4*k = -8. Suppose -x*u = 8*m - 4*m - 1062, 2*m - 520 = 3*u. What are the prime factors of m?
263
Suppose -5*b - 4*o + 45 = 0, 3*b - 3*o - 27 = -0*o. Suppose -29 = -4*l - b. Suppose 22 = 7*g - l*g. List the prime factors of g.
11
Let k = -6 + 8. Suppose -k*i - m = 267, 2*m - 10 = -0*m. What are the prime factors of -4 - -7 - i/4?
37
Let a = 11 + -4. Let n = a - 4. Suppose 5*k = -2*g + 34, n*k + k = -4*g + 80. List the prime factors of g.
2, 11
Suppose -13*a + 9*a + 10148 = 0. What are the prime factors of a?
43, 59
Suppose 1074 = z - 3*r, 441 + 619 = z + 4*r. List the prime factors of z.
2, 3, 89
Suppose 2*k + 226 = d, 2*d = d - k + 223. Let o = d - 153. What are the prime factors of o?
71
Suppose 6 = -3*w + 5*w. Suppose -x - 3*g + 17 = 0, -g - 15 = -3*x + 2*g. What are the prime factors of (-4)/x*w*-18?
3
Let t(a) = -a**2 - 11*a + 31. What are the prime factors of t(-8)?
5, 11
Let q = 224 - 36. List the prime factors of q.
2, 47
Suppose 11*l - 855 = 443. What are the prime factors of l?
2, 59
What are the prime factors of 0 - -4 - (-5320 - 10)?
2, 3, 7, 127
Let h(b) be the second derivative of 5*b**3/6 - 15*b**2/2 + 6*b. What are the prime factors of h(6)?
3, 5
Let g(r) be the second derivative of -56*r**3/3 - 3*r**2 - 22*r. List the prime factors of g(-2).
2, 109
Suppose -4*g + 4 = -5*g, 3*o = 3*g + 777. What are the prime factors of o?
3, 5, 17
Let p = 63 + -61. Suppose -54 = -4*g + p*v, -g + 2*v - 3 = -12. List the prime factors of g.
3, 5
What are the prime factors of 1360/6 + (-40)/(-30)?
2, 3, 19
Let v(j) = j + 2. Let a be v(10). Suppose -3*u + 57 - a = 0. What are the prime factors of u?
3, 5
Let x(b) = -3*b**3 - 2*b**2 + b + 2. Let o be x(-1). Let y(z) = 12*z**2 + 2*z. Let c be y(o). What are the prime factors of c - 4 - (-3 + -1)?
2, 13
Let d be (-10622)/(-14) - (-30)/105. Suppose d = -15*l + 18*l. What are the prime factors of l?
11, 23
Let h = -12 - -16. Suppose h*u + 262 = 90. Let f = -14 - u. List the prime factors of f.
29
Let g = 407 - 19. List the prime factors of g.
2, 97
Let p(h) = -215*h - 19. List the prime factors of p(-12).
13, 197
Let f be 506/8 - (-1)/(-4). Suppose -5*c = 0, -5*d + 2*c + 558 + 1492 = 0. What are the prime factors of d/14 + (-18)/f?
29
Suppose 138*x + 228 = 142*x. Let y = x - -218. What are the prime factors of y?
5, 11
Let a(o) = 261*o - 10. Let q be a(3). Suppose 0 = 8*y - 195 - q. What are the prime factors of y?
11
Let r = -170 + 442. List the prime factors of r.
2, 17
Suppose 0 = 4*o - 0*o - 30872. Let a = o + -5170. List the prime factors of a/70 + 4/(-10).
2, 3
Suppose -4*i = i - 15. Suppose 14 = 3*j + 5*w, 2*j + 3*w - 18 = -i*j. What are the prime factors of j?
3
Suppose 3*i - 5123 = 4*x, 2*i - 6828 = -2*i + 4*x. What are the prime factors of i?
5, 11, 31
Suppose 2*j + 63 = 387. Suppose -4*o + u = -j - 45, -3*o + 5*u + 134 = 0. What are the prime factors of o?
53
Let k(r) = -r**2 - 19*r - 14. Suppose 11*x - 15 = 8*x. Suppose 0 = x*p + 57 + 13. List the prime factors of k(p).
2, 7
Let r = -26 - 88. Let x = 142 + r. List the prime factors of x.
2, 7
Suppose -2942 = -10*w + 5558. What are the prime factors of w?
2, 5, 17
Let y(b) = -6*b**2 - 34*b + 40. Let n(p) = -p**2 - 7*p + 8. Let q(u) = 16*n(u) - 3*y(u). What are the prime factors of q(6)?
2, 5
List the prime factors of (61884/243)/(4/66).
2, 11, 191
Suppose 4*s = -4*m - s + 1864, 2330 = 5*m + 4*s. List the prime factors of m.
2, 233
Let b(u) = -u + 1. Let s(q) = -q**2 - 10*q + 11. Suppose o = -3*o - 4. Let p(j) = o*b(j) + s(j). What are the prime factors of p(-8)?
2, 3
Suppose 426*b = 414*b + 15072. List the prime factors of b.
2, 157
Let w be (-1 + -1)*26/4. Let r = -87 + 58. Let x = w - r. List the prime factors of x.
2
Let j = 299 + -69. List the prime factors of j.
2, 5, 23
Let q(k) = 50*k**2 - 5*k + 6. Let u be q(2). Suppose 3*t - u = -31. What are the prime factors of t?
5, 11
Let v be ((-267)/(-9) - 0)*3. What are the prime factors of (-21 - v)/(-1*1)?
2, 5, 11
Let v(x) = -x**2 - 4*x - 1. Let u be v(-3). Let k = 3 + u. Suppose 3*l + 7 = k*z + 26, -3*l - 4*z + 1 = 0. What are the prime factors of l?
3
Let b(r) = -7*r**2 - r + 6. Let x(z) = -z**2. Let a(j) = -b(j) + 6*x(j). What are the prime factors of a(-6)?
2, 3
Suppose o = -5*h + 42, o - 28 = -3*h - o. Let t = h - 6. Suppose -3*v + 80 = t*v. List the prime factors of v.
2
Suppose -29*i + 31*i = 24. Suppose i*c - 1144 = -16. What are the prime factors of c?
2, 47
Suppose -109*d + 13755 = -102*d. What are the prime factors of d?
3, 5, 131
Let t(s) = 122*s**2. Suppose 0 = -2*b - 2*h + 6, 6 = -5*b - 2*h + 15. List the prime factors of t(b).
2, 61
Suppose 41931 + 762 = 21*j. List the prime factors of j.
19, 107
Let b = 877 + -520. Suppose -z - b = -6*z - 2*l, 0 = 3*z - 3*l - 210. What are the prime factors of z?
71
Let t be (-5 + 5)/((-3)/1). Suppose t = -g - g + 4*j + 160, -4*j - 304 = -4*g. List the prime factors of g.
2, 3
Suppose -2*w + 7*n - 3*n + 10 = 0, -5*n - 5 = 0. Suppose 0 = 5*b + w*g - 389, -6*b - 4*g + 316 = -2*b. List the prime factors of b.
2, 19
Suppose 3*r = -5*l + 6504, l - 754 - 533 = 4*r. What are the prime factors of l?
3, 433
Let n = -1 + 5. Let h(i) be the second derivative of i**4/4 - i**3/3 - 2*i**2 + 35*i. List the prime factors of h(n).
2, 3
Let x(r) = 3*r**3 - 23*r**2 - 24*r + 73. List the prime factors of x(10).
13, 41
Let a be 3/((((-60)/(-8))/(-5))/(-3)). Suppose a*l - 699 = 3*l. List the prime factors of l.
233
Suppose -2*q = 4*b - 7*b + 2, -5*b = -5*q + 5. Let p(n) = 2*n**3 + n - 4. What are the prime factors of p(q)?
251
Let g = 56 - 51. Suppose -g*d + 78 = -122. List the prime factors of d.
2, 5
Let m be ((-19)/(-38))/((-2)/16). Let g(j) = -2*j**2 - 5*j + 3. Let v be g(m). Let r(f) = f**3 + 8*f**2 - 13*f - 2. What are the prime factors of r(v)?
2, 17
Let x(a) = 22*a**3 + 3*a**2 - 4*a + 6. Let y be x(3). Suppose 6*t - y = 525. List the prime factors of t.
2, 5, 19
Suppose 0 = 5*v + 4*k - 2*k - 731, -565 = -4*v + 5*k. Suppose 105 = 4*u - 3*s, 5*u + 2*s = 3*s + v. List the prime factors of u/2*(-60)/(-25).
2, 3
What are the prime factors of (-12)/138 - (-32664)/46?
2, 5, 71
Let l(j) = -j**3 + 4*j**2 + 6*j - 3. Let x be l(5). Let i be ((-162)/(-12))/9*(-496)/(-6). Suppose -x*m - 2*m = -i. What are the prime factors of m?
31
Suppose 5*q + 5*t = -205, 2*q + 2*t = -t - 87. List the prime factors of q/(-54) - (-208)/3.
2, 5, 7
Suppose 0*i - 3*a + 1 = -2*i, -4*a = 5*i + 14. List the prime factors of (10 + -22)*(1/i + -1).
2, 3
List the prime factors of 6 - (17 - 6) - -526*2.
3, 349
Let z be (3/1)/(9/21). Let o(w) = 14*w. Let y be o(z). Suppose 5*k - 3*k - 80 = 2*s, -y = -2*k - 4*s. What are the prime factors of k?
43
Let f(x) = -4*x**3 - 4*x**2 + 4*x + 4. Let k be f(-4). Suppose p + k = 5*p. What are the prime factors of p?
3, 5
Let n be 5*(2/(-3)*-3)/(-1). List the prime factors of 175 - n - (0 - -1).
2, 23
Suppose 2*q = -q + 2*o + 29, q = 2*o + 15. Let p(f) = 2*f - 8. Let d be p(q). Suppose 0 = 2*v + 2 + d, 2*k = v + 8. What are the prime factors of k?
2
Suppose -17*r = -18*r. Let v be ((-36)/(-24))/(2/(-4)). What are the prime factors of v - r - -33 - -2?
2
Suppose -104*t + 1000 = -100*t. List the prime factors of t.
2, 5
Let a(r) = -r**3 + 24*r**2 - 18*r + 18. List the prime factors of a(19).
1481
Suppose 3*l = -5*x + 24 + 7, -3*x + 5 = -5*l. Let j be (-48)/9*1*-3. Let y = j + x. List the prime factors of y.
3, 7
Let r = -114 - -124. Suppose 1152 = r*v - 6*v. What are the prime factors of v?
2, 3
Let r = -16 - -1. Let v be (r/10)/((-3)/(-28)). Let k = -2 - v. What are the prime factors of k?
2, 3
Suppose -26*l - 9636 = -45282. What are the prime factors of l?
3, 457
Let m = -25 + 37. Suppose -m*j + 10*j = -138. List the prime factors of j.
3, 23
Suppose -4*c = -0*c - 64. Let o = 18 - c. What are the prime factors of (25 - -4)/(o/2)?
29
Suppose 